{"id":481,"date":"2020-05-11T15:52:57","date_gmt":"2020-05-11T12:52:57","guid":{"rendered":"http:\/\/www.minersan.com.tr\/?page_id=481"},"modified":"2020-06-30T11:32:01","modified_gmt":"2020-06-30T08:32:01","slug":"kalitehedeflerivepolitikasi","status":"publish","type":"page","link":"https:\/\/www.minersan.com.tr\/?page_id=481","title":{"rendered":"Kalite Hedefleri ve Politikas\u0131"},"content":{"rendered":"\t\t<div data-elementor-type=\"wp-page\" data-elementor-id=\"481\" class=\"elementor elementor-481\" data-elementor-settings=\"[]\">\n\t\t\t\t\t\t<div class=\"elementor-inner\">\n\t\t\t\t\t\t\t<div class=\"elementor-section-wrap\">\n\t\t\t\t\t\t\t<section class=\"elementor-section elementor-top-section elementor-element elementor-element-d98a4c9 elementor-section-stretched elementor-section-full_width elementor-section-height-default elementor-section-height-default elementor-invisible\" data-id=\"d98a4c9\" data-element_type=\"section\" data-settings=\"{&quot;stretch_section&quot;:&quot;section-stretched&quot;,&quot;animation&quot;:&quot;fadeIn&quot;}\">\n\t\t\t\t\t\t<div class=\"elementor-container elementor-column-gap-no\">\n\t\t\t\t\t\t\t<div class=\"elementor-row\">\n\t\t\t\t\t<div class=\"elementor-column elementor-col-100 elementor-top-column elementor-element elementor-element-f35c68c\" data-id=\"f35c68c\" data-element_type=\"column\">\n\t\t\t<div class=\"elementor-column-wrap elementor-element-populated\">\n\t\t\t\t\t\t\t<div class=\"elementor-widget-wrap\">\n\t\t\t\t\t\t\t\t<\/div>\n\t\t\t\t\t<\/div>\n\t\t<\/div>\n\t\t\t\t\t\t\t\t<\/div>\n\t\t\t\t\t<\/div>\n\t\t<\/section>\n\t\t\t\t<section class=\"elementor-section elementor-top-section elementor-element elementor-element-1ac5790 elementor-section-boxed elementor-section-height-default elementor-section-height-default\" data-id=\"1ac5790\" data-element_type=\"section\">\n\t\t\t\t\t\t<div class=\"elementor-container elementor-column-gap-default\">\n\t\t\t\t\t\t\t<div class=\"elementor-row\">\n\t\t\t\t\t<div class=\"elementor-column elementor-col-100 elementor-top-column elementor-element elementor-element-a513b21\" data-id=\"a513b21\" data-element_type=\"column\">\n\t\t\t<div class=\"elementor-column-wrap elementor-element-populated\">\n\t\t\t\t\t\t\t<div class=\"elementor-widget-wrap\">\n\t\t\t\t\t\t<section class=\"elementor-section elementor-inner-section elementor-element elementor-element-0f2dc77 elementor-section-boxed elementor-section-height-default elementor-section-height-default\" data-id=\"0f2dc77\" data-element_type=\"section\">\n\t\t\t\t\t\t<div class=\"elementor-container elementor-column-gap-default\">\n\t\t\t\t\t\t\t<div class=\"elementor-row\">\n\t\t\t\t\t<div class=\"elementor-column elementor-col-50 elementor-inner-column elementor-element elementor-element-2b0c609 animated-slow elementor-invisible\" data-id=\"2b0c609\" data-element_type=\"column\" data-settings=\"{&quot;animation&quot;:&quot;fadeIn&quot;}\">\n\t\t\t<div class=\"elementor-column-wrap elementor-element-populated\">\n\t\t\t\t\t\t\t<div class=\"elementor-widget-wrap\">\n\t\t\t\t\t\t<div class=\"elementor-element elementor-element-ae87c6b elementor-widget elementor-widget-heading\" data-id=\"ae87c6b\" data-element_type=\"widget\" data-widget_type=\"heading.default\">\n\t\t\t\t<div class=\"elementor-widget-container\">\n\t\t\t<h2 class=\"elementor-heading-title elementor-size-default\">Kalite Hedefleri<\/h2>\t\t<\/div>\n\t\t\t\t<\/div>\n\t\t\t\t<div class=\"elementor-element elementor-element-69c992c elementor-widget-divider--view-line elementor-widget elementor-widget-divider\" data-id=\"69c992c\" data-element_type=\"widget\" data-widget_type=\"divider.default\">\n\t\t\t\t<div class=\"elementor-widget-container\">\n\t\t\t\t\t<div class=\"elementor-divider\">\n\t\t\t<span class=\"elementor-divider-separator\">\n\t\t\t\t\t\t<\/span>\n\t\t<\/div>\n\t\t\t\t<\/div>\n\t\t\t\t<\/div>\n\t\t\t\t<div class=\"elementor-element elementor-element-7211d521 elementor-widget elementor-widget-text-editor\" data-id=\"7211d521\" data-element_type=\"widget\" data-widget_type=\"text-editor.default\">\n\t\t\t\t<div class=\"elementor-widget-container\">\n\t\t\t\t\t<div class=\"elementor-text-editor elementor-clearfix\"><p>\u00a0Minersan Mineral San.Tic.A\u015f.\u2019nin en \u00f6nemli ama\u00e7lar\u0131ndan biri \u00fclkenin yap\u0131 kimyasallar\u0131 alan\u0131nda geli\u015fmesine katk\u0131da bulunmak ve uluslararas\u0131 pazarda iyi bir yer edinerek \u00fclkemizin d\u0131\u015f Pazar piyasas\u0131n\u0131 art\u0131rmakt\u0131r. Hedeflere ula\u015f\u0131m, kurum i\u00e7inde ger\u00e7ekle\u015ftirilen denetim ve birimlerde saptanan g\u00f6stergelerin izlenmesi, bilimsel y\u00f6ntemler kullan\u0131larak \u00f6l\u00e7\u00fclmesi, de\u011ferlendirilmesi ve s\u00fcrekli iyile\u015ftirilmelerin yap\u0131lmas\u0131 ile ger\u00e7ekle\u015fir.<\/p><\/div>\n\t\t\t\t<\/div>\n\t\t\t\t<\/div>\n\t\t\t\t<div class=\"elementor-element elementor-element-33f5da2 elementor-widget elementor-widget-spacer\" data-id=\"33f5da2\" data-element_type=\"widget\" data-widget_type=\"spacer.default\">\n\t\t\t\t<div class=\"elementor-widget-container\">\n\t\t\t\t\t<div class=\"elementor-spacer\">\n\t\t\t<div class=\"elementor-spacer-inner\"><\/div>\n\t\t<\/div>\n\t\t\t\t<\/div>\n\t\t\t\t<\/div>\n\t\t\t\t<div class=\"elementor-element elementor-element-89fb259 elementor-widget elementor-widget-heading\" data-id=\"89fb259\" data-element_type=\"widget\" data-widget_type=\"heading.default\">\n\t\t\t\t<div class=\"elementor-widget-container\">\n\t\t\t<h2 class=\"elementor-heading-title elementor-size-default\">Kalite Politikas\u0131<\/h2>\t\t<\/div>\n\t\t\t\t<\/div>\n\t\t\t\t<div class=\"elementor-element elementor-element-fb89d47 elementor-widget-divider--view-line elementor-widget elementor-widget-divider\" data-id=\"fb89d47\" data-element_type=\"widget\" data-widget_type=\"divider.default\">\n\t\t\t\t<div class=\"elementor-widget-container\">\n\t\t\t\t\t<div class=\"elementor-divider\">\n\t\t\t<span class=\"elementor-divider-separator\">\n\t\t\t\t\t\t<\/span>\n\t\t<\/div>\n\t\t\t\t<\/div>\n\t\t\t\t<\/div>\n\t\t\t\t<div class=\"elementor-element elementor-element-5b295f0 elementor-widget elementor-widget-text-editor\" data-id=\"5b295f0\" data-element_type=\"widget\" data-widget_type=\"text-editor.default\">\n\t\t\t\t<div class=\"elementor-widget-container\">\n\t\t\t\t\t<div class=\"elementor-text-editor elementor-clearfix\"><p>\u00c7al\u0131\u015fanlar\u0131m\u0131z\u0131n kat\u0131l\u0131m\u0131 ve deste\u011fi ile m\u00fc\u015fteri ihtiya\u00e7 ve beklentilerini, en iyi \u015fekilde kar\u015f\u0131layacak do\u011frultuda kalite y\u00f6netim sistemi \u015fartlar\u0131n\u0131 uygulamak.<\/p><p>S\u00fcrekli geli\u015fimi sa\u011flamak ve taah\u00fctlerimizi zaman\u0131nda, eksiksiz olarak yerine getirmek.<\/p><p>\u0130mkans\u0131z gibi g\u00f6r\u00fcnen yeni orjinal tasar\u0131mlara imza atarak \u00fcretimlerimizi ger\u00e7ekle\u015ftirmek.<\/p><p>Uluslararas\u0131 standartlara ve ticari kurallara uymak.<\/p><\/div>\n\t\t\t\t<\/div>\n\t\t\t\t<\/div>\n\t\t\t\t\t\t<\/div>\n\t\t\t\t\t<\/div>\n\t\t<\/div>\n\t\t\t\t<div class=\"elementor-column elementor-col-50 elementor-inner-column elementor-element elementor-element-fadff98 animated-slow elementor-invisible\" data-id=\"fadff98\" data-element_type=\"column\" data-settings=\"{&quot;animation&quot;:&quot;fadeInRight&quot;}\">\n\t\t\t<div class=\"elementor-column-wrap elementor-element-populated\">\n\t\t\t\t\t\t\t<div class=\"elementor-widget-wrap\">\n\t\t\t\t\t\t<div class=\"elementor-element elementor-element-4ab24530 elementor-widget elementor-widget-heading\" data-id=\"4ab24530\" data-element_type=\"widget\" data-widget_type=\"heading.default\">\n\t\t\t\t<div class=\"elementor-widget-container\">\n\t\t\t<h3 class=\"elementor-heading-title elementor-size-default\">T\u00fcrkiye' de \u00fcretip t\u00fcm d\u00fcnyaya uyguluyoruz<\/h3>\t\t<\/div>\n\t\t\t\t<\/div>\n\t\t\t\t<div class=\"elementor-element elementor-element-331b938c elementor-widget-divider--view-line elementor-widget elementor-widget-divider\" data-id=\"331b938c\" data-element_type=\"widget\" data-widget_type=\"divider.default\">\n\t\t\t\t<div class=\"elementor-widget-container\">\n\t\t\t\t\t<div class=\"elementor-divider\">\n\t\t\t<span class=\"elementor-divider-separator\">\n\t\t\t\t\t\t<\/span>\n\t\t<\/div>\n\t\t\t\t<\/div>\n\t\t\t\t<\/div>\n\t\t\t\t<div class=\"elementor-element elementor-element-b2361d4 elementor-widget elementor-widget-spacer\" data-id=\"b2361d4\" data-element_type=\"widget\" data-widget_type=\"spacer.default\">\n\t\t\t\t<div class=\"elementor-widget-container\">\n\t\t\t\t\t<div class=\"elementor-spacer\">\n\t\t\t<div class=\"elementor-spacer-inner\"><\/div>\n\t\t<\/div>\n\t\t\t\t<\/div>\n\t\t\t\t<\/div>\n\t\t\t\t<div class=\"elementor-element elementor-element-39b0bc4 elementor-widget elementor-widget-image\" data-id=\"39b0bc4\" data-element_type=\"widget\" data-widget_type=\"image.default\">\n\t\t\t\t<div class=\"elementor-widget-container\">\n\t\t\t\t\t<div class=\"elementor-image\">\n\t\t\t\t\t\t\t\t\t\t<img width=\"630\" height=\"547\" src=\"https:\/\/www.minersan.com.tr\/wp-content\/uploads\/2020\/05\/item-2.jpg\" class=\"attachment-large size-large\" alt=\"\" loading=\"lazy\" srcset=\"https:\/\/www.minersan.com.tr\/wp-content\/uploads\/2020\/05\/item-2.jpg 630w, https:\/\/www.minersan.com.tr\/wp-content\/uploads\/2020\/05\/item-2-600x521.jpg 600w, https:\/\/www.minersan.com.tr\/wp-content\/uploads\/2020\/05\/item-2-300x260.jpg 300w\" sizes=\"(max-width: 630px) 100vw, 630px\" \/>\t\t\t\t\t\t\t\t\t\t\t<\/div>\n\t\t\t\t<\/div>\n\t\t\t\t<\/div>\n\t\t\t\t\t\t<\/div>\n\t\t\t\t\t<\/div>\n\t\t<\/div>\n\t\t\t\t\t\t\t\t<\/div>\n\t\t\t\t\t<\/div>\n\t\t<\/section>\n\t\t\t\t\t\t<\/div>\n\t\t\t\t\t<\/div>\n\t\t<\/div>\n\t\t\t\t\t\t\t\t<\/div>\n\t\t\t\t\t<\/div>\n\t\t<\/section>\n\t\t\t\t\t\t<\/div>\n\t\t\t\t\t\t<\/div>\n\t\t\t\t\t<\/div>\n\t\t","protected":false},"excerpt":{"rendered":"<p>Kalite Hedefleri \u00a0Minersan Mineral San.Tic.A\u015f.\u2019nin en \u00f6nemli ama\u00e7lar\u0131ndan biri \u00fclkenin yap\u0131 kimyasallar\u0131 alan\u0131nda geli\u015fmesine katk\u0131da bulunmak ve uluslararas\u0131 pazarda iyi bir yer edinerek \u00fclkemizin d\u0131\u015f Pazar piyasas\u0131n\u0131 art\u0131rmakt\u0131r. Hedeflere ula\u015f\u0131m, kurum i\u00e7inde ger\u00e7ekle\u015ftirilen denetim ve birimlerde saptanan g\u00f6stergelerin izlenmesi, bilimsel y\u00f6ntemler kullan\u0131larak \u00f6l\u00e7\u00fclmesi, de\u011ferlendirilmesi ve s\u00fcrekli iyile\u015ftirilmelerin yap\u0131lmas\u0131 ile ger\u00e7ekle\u015fir. Kalite Politikas\u0131 \u00c7al\u0131\u015fanlar\u0131m\u0131z\u0131n kat\u0131l\u0131m\u0131 ve [&hellip;]<\/p>\n","protected":false},"author":1,"featured_media":0,"parent":525,"menu_order":1,"comment_status":"closed","ping_status":"closed","template":"","meta":[],"_links":{"self":[{"href":"https:\/\/www.minersan.com.tr\/index.php?rest_route=\/wp\/v2\/pages\/481"}],"collection":[{"href":"https:\/\/www.minersan.com.tr\/index.php?rest_route=\/wp\/v2\/pages"}],"about":[{"href":"https:\/\/www.minersan.com.tr\/index.php?rest_route=\/wp\/v2\/types\/page"}],"author":[{"embeddable":true,"href":"https:\/\/www.minersan.com.tr\/index.php?rest_route=\/wp\/v2\/users\/1"}],"replies":[{"embeddable":true,"href":"https:\/\/www.minersan.com.tr\/index.php?rest_route=%2Fwp%2Fv2%2Fcomments&post=481"}],"version-history":[{"count":7,"href":"https:\/\/www.minersan.com.tr\/index.php?rest_route=\/wp\/v2\/pages\/481\/revisions"}],"predecessor-version":[{"id":1167,"href":"https:\/\/www.minersan.com.tr\/index.php?rest_route=\/wp\/v2\/pages\/481\/revisions\/1167"}],"up":[{"embeddable":true,"href":"https:\/\/www.minersan.com.tr\/index.php?rest_route=\/wp\/v2\/pages\/525"}],"wp:attachment":[{"href":"https:\/\/www.minersan.com.tr\/index.php?rest_route=%2Fwp%2Fv2%2Fmedia&parent=481"}],"curies":[{"name":"wp","href":"https:\/\/api.w.org\/{rel}","templated":true}]}}