{"id":807,"date":"2020-05-14T15:36:16","date_gmt":"2020-05-14T12:36:16","guid":{"rendered":"http:\/\/www.minersan.com.tr\/?page_id=807"},"modified":"2020-06-30T11:40:47","modified_gmt":"2020-06-30T08:40:47","slug":"horasanplusiccephe","status":"publish","type":"page","link":"https:\/\/www.minersan.com.tr\/?page_id=807","title":{"rendered":"HORASANPLUS \u0130\u00c7 CEPHE"},"content":{"rendered":"\t\t<div data-elementor-type=\"wp-page\" data-elementor-id=\"807\" class=\"elementor elementor-807\" data-elementor-settings=\"[]\">\n\t\t\t\t\t\t<div class=\"elementor-inner\">\n\t\t\t\t\t\t\t<div class=\"elementor-section-wrap\">\n\t\t\t\t\t\t\t<section class=\"elementor-section elementor-top-section elementor-element elementor-element-d98a4c9 elementor-section-stretched elementor-section-full_width elementor-section-height-default elementor-section-height-default elementor-invisible\" data-id=\"d98a4c9\" data-element_type=\"section\" data-settings=\"{&quot;stretch_section&quot;:&quot;section-stretched&quot;,&quot;animation&quot;:&quot;fadeIn&quot;}\">\n\t\t\t\t\t\t<div class=\"elementor-container elementor-column-gap-no\">\n\t\t\t\t\t\t\t<div class=\"elementor-row\">\n\t\t\t\t\t<div class=\"elementor-column elementor-col-100 elementor-top-column elementor-element elementor-element-f35c68c\" data-id=\"f35c68c\" data-element_type=\"column\">\n\t\t\t<div class=\"elementor-column-wrap elementor-element-populated\">\n\t\t\t\t\t\t\t<div class=\"elementor-widget-wrap\">\n\t\t\t\t\t\t\t\t<\/div>\n\t\t\t\t\t<\/div>\n\t\t<\/div>\n\t\t\t\t\t\t\t\t<\/div>\n\t\t\t\t\t<\/div>\n\t\t<\/section>\n\t\t\t\t<section class=\"elementor-section elementor-top-section elementor-element elementor-element-1ac5790 elementor-section-boxed elementor-section-height-default elementor-section-height-default\" data-id=\"1ac5790\" data-element_type=\"section\">\n\t\t\t\t\t\t<div class=\"elementor-container elementor-column-gap-default\">\n\t\t\t\t\t\t\t<div class=\"elementor-row\">\n\t\t\t\t\t<div class=\"elementor-column elementor-col-100 elementor-top-column elementor-element elementor-element-a513b21\" data-id=\"a513b21\" data-element_type=\"column\">\n\t\t\t<div class=\"elementor-column-wrap elementor-element-populated\">\n\t\t\t\t\t\t\t<div class=\"elementor-widget-wrap\">\n\t\t\t\t\t\t<section class=\"elementor-section elementor-inner-section elementor-element elementor-element-0f2dc77 elementor-section-boxed elementor-section-height-default elementor-section-height-default\" data-id=\"0f2dc77\" data-element_type=\"section\">\n\t\t\t\t\t\t<div class=\"elementor-container elementor-column-gap-default\">\n\t\t\t\t\t\t\t<div class=\"elementor-row\">\n\t\t\t\t\t<div class=\"elementor-column elementor-col-50 elementor-inner-column elementor-element elementor-element-fadff98 animated-slow elementor-invisible\" data-id=\"fadff98\" data-element_type=\"column\" data-settings=\"{&quot;animation&quot;:&quot;fadeInLeft&quot;}\">\n\t\t\t<div class=\"elementor-column-wrap elementor-element-populated\">\n\t\t\t\t\t\t\t<div class=\"elementor-widget-wrap\">\n\t\t\t\t\t\t<div class=\"elementor-element elementor-element-614f7ce elementor-arrows-position-inside elementor-pagination-position-outside elementor-widget elementor-widget-image-carousel\" data-id=\"614f7ce\" data-element_type=\"widget\" data-settings=\"{&quot;slides_to_show&quot;:&quot;1&quot;,&quot;autoplay&quot;:&quot;no&quot;,&quot;navigation&quot;:&quot;both&quot;,&quot;infinite&quot;:&quot;yes&quot;,&quot;effect&quot;:&quot;slide&quot;,&quot;speed&quot;:500}\" data-widget_type=\"image-carousel.default\">\n\t\t\t\t<div class=\"elementor-widget-container\">\n\t\t\t\t\t<div class=\"elementor-image-carousel-wrapper swiper-container\" dir=\"ltr\">\n\t\t\t<div class=\"elementor-image-carousel swiper-wrapper\">\n\t\t\t\t<div class=\"swiper-slide\"><figure class=\"swiper-slide-inner\"><img class=\"swiper-slide-image\" src=\"https:\/\/www.minersan.com.tr\/wp-content\/uploads\/2020\/05\/set_001fName_20170710022643671.jpg\" alt=\"set_001fName_20170710022643671\" \/><\/figure><\/div><div class=\"swiper-slide\"><figure class=\"swiper-slide-inner\"><img class=\"swiper-slide-image\" src=\"https:\/\/www.minersan.com.tr\/wp-content\/uploads\/2020\/05\/set_001fName_20170710022711752.jpg\" alt=\"set_001fName_20170710022711752\" \/><\/figure><\/div><div class=\"swiper-slide\"><figure class=\"swiper-slide-inner\"><img class=\"swiper-slide-image\" src=\"https:\/\/www.minersan.com.tr\/wp-content\/uploads\/2020\/05\/set_001fName_20180425141101239.jpg\" alt=\"set_001fName_20180425141101239\" \/><\/figure><\/div>\t\t\t<\/div>\n\t\t\t\t\t\t\t\t\t\t\t\t<div class=\"swiper-pagination\"><\/div>\n\t\t\t\t\t\t\t\t\t\t\t\t\t<div class=\"elementor-swiper-button elementor-swiper-button-prev\">\n\t\t\t\t\t\t<i class=\"eicon-chevron-left\" aria-hidden=\"true\"><\/i>\n\t\t\t\t\t\t<span class=\"elementor-screen-only\">Previous<\/span>\n\t\t\t\t\t<\/div>\n\t\t\t\t\t<div class=\"elementor-swiper-button elementor-swiper-button-next\">\n\t\t\t\t\t\t<i class=\"eicon-chevron-right\" aria-hidden=\"true\"><\/i>\n\t\t\t\t\t\t<span class=\"elementor-screen-only\">Next<\/span>\n\t\t\t\t\t<\/div>\n\t\t\t\t\t\t\t\t\t<\/div>\n\t\t\t\t<\/div>\n\t\t\t\t<\/div>\n\t\t\t\t\t\t<\/div>\n\t\t\t\t\t<\/div>\n\t\t<\/div>\n\t\t\t\t<div class=\"elementor-column elementor-col-50 elementor-inner-column elementor-element elementor-element-2b0c609 animated-slow elementor-invisible\" data-id=\"2b0c609\" data-element_type=\"column\" data-settings=\"{&quot;animation&quot;:&quot;fadeIn&quot;}\">\n\t\t\t<div class=\"elementor-column-wrap elementor-element-populated\">\n\t\t\t\t\t\t\t<div class=\"elementor-widget-wrap\">\n\t\t\t\t\t\t<div class=\"elementor-element elementor-element-2b0cd0c animated-slow elementor-invisible elementor-widget elementor-widget-heading\" data-id=\"2b0cd0c\" data-element_type=\"widget\" data-settings=\"{&quot;_animation&quot;:&quot;fadeIn&quot;}\" data-widget_type=\"heading.default\">\n\t\t\t\t<div class=\"elementor-widget-container\">\n\t\t\t<h2 class=\"elementor-heading-title elementor-size-default\">Horasan Plus<\/h2>\t\t<\/div>\n\t\t\t\t<\/div>\n\t\t\t\t<div class=\"elementor-element elementor-element-7211d521 elementor-widget elementor-widget-text-editor\" data-id=\"7211d521\" data-element_type=\"widget\" data-widget_type=\"text-editor.default\">\n\t\t\t\t<div class=\"elementor-widget-container\">\n\t\t\t\t\t<div class=\"elementor-text-editor elementor-clearfix\"><p><span class=\"fontstyle0\"><strong>Horasanplus <\/strong>i\u00e7 cephe kompozit yal\u0131t\u0131m harc\u0131, binalarda \u00f6zellikle fotokatalitik yal\u0131t\u0131m\u0131n istenildi\u011fi yerlerde, gazbeton, tu\u011fla, bims, biriket ve br\u00fct beton y\u00fczeylerde uygulanan, yap\u0131\u015fma ve rahat uygulama olana\u011f\u0131 sa\u011flayan, i\u00e7erisinde kimyasal madde bar\u0131nd\u0131rmayan, insana ve \u00e7evreye zarar\u0131 olmayan do\u011fal maddelerden olu\u015fmu\u015ftur. Ses ve \u0131s\u0131 yal\u0131t\u0131m\u0131 sa\u011flayan, do\u011fal minerallerle takviye edilmi\u015f, rutubet \u00f6nleyen ekolojik ve antibakteriyel bir kompozit yal\u0131t\u0131m harc\u0131d\u0131r.<\/span><\/p><\/div>\n\t\t\t\t<\/div>\n\t\t\t\t<\/div>\n\t\t\t\t\t\t<\/div>\n\t\t\t\t\t<\/div>\n\t\t<\/div>\n\t\t\t\t\t\t\t\t<\/div>\n\t\t\t\t\t<\/div>\n\t\t<\/section>\n\t\t\t\t<div class=\"elementor-element elementor-element-9ff3cf2 elementor-tabs-view-horizontal elementor-widget elementor-widget-tabs\" data-id=\"9ff3cf2\" data-element_type=\"widget\" data-widget_type=\"tabs.default\">\n\t\t\t\t<div class=\"elementor-widget-container\">\n\t\t\t\t\t<div class=\"elementor-tabs\" role=\"tablist\">\n\t\t\t<div class=\"elementor-tabs-wrapper\">\n\t\t\t\t\t\t\t\t\t<div id=\"elementor-tab-title-1671\" class=\"elementor-tab-title elementor-tab-desktop-title\" data-tab=\"1\" role=\"tab\" aria-controls=\"elementor-tab-content-1671\"><a href=\"\">MSDS<\/a><\/div>\n\t\t\t\t\t\t\t\t\t<div id=\"elementor-tab-title-1672\" class=\"elementor-tab-title elementor-tab-desktop-title\" data-tab=\"2\" role=\"tab\" aria-controls=\"elementor-tab-content-1672\"><a href=\"\">Teknik \u00d6zellikler<\/a><\/div>\n\t\t\t\t\t\t\t<\/div>\n\t\t\t<div class=\"elementor-tabs-content-wrapper\">\n\t\t\t\t\t\t\t\t\t<div class=\"elementor-tab-title elementor-tab-mobile-title\" data-tab=\"1\" role=\"tab\">MSDS<\/div>\n\t\t\t\t\t<div id=\"elementor-tab-content-1671\" class=\"elementor-tab-content elementor-clearfix\" data-tab=\"1\" role=\"tabpanel\" aria-labelledby=\"elementor-tab-title-1671\"><p><span class=\"fontstyle0\"><strong>UYGULAMA ALANLARI<\/strong><br \/><br \/>Tu\u011fla, gazbeton, bims, briket, br\u00fct, beton ve duvarlarda. Uygulama yap\u0131lacak y\u00fczey, kal\u0131p ya\u011f\u0131, toz, boya, kir vb. tutulmay\u0131 \u00f6nleyici maddelerden ar\u0131nd\u0131r\u0131lmal\u0131d\u0131r. Gazbeton, bims, tu\u011fla gibi malzemeler s\u0131cak havalarda uygulama \u00f6ncesi nemlendirilmelidir.\u00a0<br \/><br \/><strong>UYGULAMA SINIRI<\/strong><br \/><br \/>Metal, tahta, ah\u015fap \u00fcst\u00fc vb. y\u00fczeylerde direkt s\u0131va uygulamas\u0131 yap\u0131lmamal\u0131d\u0131r. Eski boyal\u0131 y\u00fczey, haz\u0131r renkli s\u0131va, d\u0131\u015f cephe kaplamas\u0131, sa\u011flam olmayan eski s\u0131val\u0131, s\u00fcrekli neme maruz kalabilecek, asbest \u00e7imento ya da yal\u0131t\u0131m paneli y\u00fczeyler \u00fczerinde uygulanmaz.\u00a0<br \/><br \/><strong>UYGULAMA \u015eARTLARI<\/strong><br \/><br \/>Ortam s\u0131cakl\u0131\u011f\u0131: +5 \u00b0C ile +30 \u00b0C aras\u0131 olmal\u0131d\u0131r. i\u00e7 duvar y\u00fczeylerine uygulanmal\u0131d\u0131r. Donmu\u015f, erimekte olan veya 24 saat i\u00e7erisinde don tehlikesi olan\u00a0\u00a0\u00a0y\u00fczeylerde uygulanmamal\u0131d\u0131r.<br \/>Y\u00fczey Haz\u0131rl\u0131\u011f\u0131\u00a0<br \/><br \/>Uygulama yap\u0131lacak y\u00fczey kal\u0131p ya\u011f\u0131, toz, boya, kir vb. tutunmay\u0131 \u00f6nleyecek maddelerden ar\u0131nd\u0131r\u0131lmal\u0131d\u0131r. Y\u00fczeydeki \u00e7atlak ve delikler minersan mineral tamir har\u00e7lar\u0131 ile kapat\u0131lmal\u0131d\u0131r.<br \/>Gaz beton, br\u00fct beton, y\u00fczeylerde uygulamadan 3 g\u00fcn \u00f6nce \u00f6n serpme veya astar uygulamas\u0131 yap\u0131lmal\u0131d\u0131r. Uygulanan \u00f6n serpme veya astar kuruduktan (en az 72 saat) sonra s\u0131va uygulamas\u0131na ge\u00e7ilmelidir. Y\u00fczey d\u00fczg\u00fcnl\u00fc\u011f\u00fc ve parlakl\u0131\u011f\u0131 olan br\u00fct beton y\u00fczeylerde br\u00fct beton astar\u0131 ile beraber \u00f6n serpme i\u015flemi yap\u0131larak kuruduktan sonra uygulama yap\u0131lmal\u0131d\u0131r.<br \/><br \/><strong>Uygulama\u00a0<\/strong><br \/><br \/>8\u00a0kg \u2018l\u0131k bir torba\u00a0Horasanplus \u0131s\u0131 yal\u0131t\u0131m s\u0131vas\u0131na ortalama 8-9 lt su ilave edilerek, s\u0131va kar\u0131\u015ft\u0131rma makinesinde kar\u0131\u015ft\u0131r\u0131lmal\u0131 ve haz\u0131rlanan har\u00e7\u00a0p\u00fcsk\u00fcrt\u00fclerek uygulanmal\u0131 veya elektrikli mikser ile minimumu 1-2 dakika kar\u0131\u015ft\u0131r\u0131larak y\u00fczeye mala ile yap\u0131\u015ft\u0131r\u0131larak uygulanmal\u0131 daha sonra mastarlanmal\u0131d\u0131r.\u00a0Uygulama kal\u0131nl\u0131\u011f\u0131 tek katta\u00a01,5 cm ile 3\u00a0\u00a0cm aras\u0131nda olmal\u0131d\u0131r. Koruyucu macun en az iki g\u00fcn sonra silisyum esasl\u0131 yal\u0131t\u0131m harc\u0131 sertle\u015ftikten sonra maksimum 2 mm kal\u0131nl\u0131\u011f\u0131nda uygulan\u0131r. Yeterince sertle\u015fince perdahlan\u0131r, nemli bir s\u00fcnger ile y\u00fczey bitirilir. \u0130klim \u015fartlar\u0131na ba\u011fl\u0131 olarak, y\u00fczeyler uygulamadan sonraki 7 g\u00fcn i\u00e7erisinde belli aral\u0131klarla \u0131slat\u0131labilir. Belirtilen s\u00fcreler 20\u00b0C y\u00fczey ve ortam s\u0131cakl\u0131\u011f\u0131nda ge\u00e7erlidir, d\u00fc\u015f\u00fck \u0131s\u0131da s\u00fcre uzar, y\u00fcksek \u0131s\u0131da s\u00fcre k\u0131sal\u0131r. \u00dcr\u00fcn\u00fcn amac\u0131n\u0131n d\u0131\u015f\u0131nda kullan\u0131lmas\u0131 ya da yukar\u0131da belirtilen uygulama \u015fartlar\u0131 ve \u00f6nerilerine uyulmamas\u0131 halinde olu\u015fabilecek uygulama hatalar\u0131ndan\u00a0Minersan Mineral San. ve Tic.A.\u015e.\u00a0sorumlu de\u011fildir.<br \/><br \/><strong>Uyar\u0131lar ve \u00d6neriler<\/strong><br \/><br \/>Haz\u0131rlanan kar\u0131\u015f\u0131ma hi\u00e7bir yabanc\u0131 malzeme ilave edilmemeli, her torba b\u00fct\u00fcn olarak kullan\u0131lmal\u0131 ve belirtilen su oranlar\u0131na dikkat edilmelidir. \u00a0Farkl\u0131 malzeme birle\u015fim yerlerinde ve hareket olabilece\u011fi d\u00fc\u015f\u00fcn\u00fclen noktalarda s\u0131va filesi kullan\u0131lmal\u0131d\u0131r. Uygulama sonras\u0131nda kullan\u0131lan t\u00fcm aletler kurumadan su ile\u00a0y\u0131kanmal\u0131d\u0131r.<br \/><br \/><strong>T\u00fcketim\u00a0<\/strong><br \/><br \/>2 cm s\u0131va kal\u0131nl\u0131\u011f\u0131 i\u00e7in ortalama 8-9 kg\/m\u00b2<br \/><br \/><strong>Raf \u00f6mr\u00fc\u00a0<\/strong><br \/><br \/>Rutubetsiz ve kuru ortamlarda \u00fcretim tarihinden itibaren 1 y\u0131ld\u0131r. Kullan\u0131lmad\u0131\u011f\u0131 durumlarda ambalajlar\u0131n a\u011fz\u0131 s\u0131k\u0131ca kapat\u0131lmal\u0131d\u0131r.<br \/><br \/><strong>TEKN\u0130K \u00d6ZELL\u0130KLER<\/strong><br \/><br \/>G\u00d6R\u00dcN\u00dc\u015e\u00a0\u00a0 \u00a0Gri Toz<br \/>KURU YI\u011eIN YO\u011eUNLU\u011eU\u00a0\u00a0 \u00a0345 \u00b1 50 kg\/m3<br \/>UYGULAMA SICAKLI\u011eI\u00a0\u00a0 \u00a0\u00a0+5 \u00b0C ile +30\u00b0C aras\u0131<br \/>SES YALITIM DE\u011eER\u0130\u00a0\u00a0 \u00a014,3 db (2cm\/500hz)<br \/>BASIN\u00c7 DAYANIMI\u00a0\u00a0 \u00a0CS I, 0,40 N\/mm2<br \/>ISI \u0130LETKENL\u0130K\u00a0\u00a0 \u00a0T1 (0,058 W\/mK)<br \/>SU BUHARI GE\u00c7\u0130RGENL\u0130K\u00a0\u00a0 \u00a012,48 \u03bc<br \/>BA\u011e DAYANIMI\u00a0\u00a0 \u00a0FP: B<br \/>KILCAL SU EMME\u00a0\u00a0 \u00a0W1<br \/>YANGIN SINIFI\u00a0\u00a0 \u00a0A-1 Hi\u00e7 yanmaz<br \/>RAF \u00d6MR\u00dc\u00a0\u00a0 \u00a012 ay<br \/>TSE\u00a0\u00a0 \u00a0TS EN 998-1:2011<br \/><br \/><br \/><strong>Avantajlar\u0131<\/strong><br \/><br \/>1.Bina i\u00e7lerinde, kat aralar\u0131nda \u0131s\u0131, ses yalat\u0131m\u0131n\u0131 ve yang\u0131na kar\u015f\u0131 korumay\u0131 tek \u00fcr\u00fcnler sa\u011flar.<br \/>2.Ya\u015fama,\u00e7al\u0131\u015fma ve sosyal alanlar\u0131m\u0131z\u0131 olu\u015fturan binalar\u0131m\u0131zda sessiz, sa\u011fl\u0131kl\u0131 konforlu alanlar olu\u015fturur.<br \/>3.Terleme, k\u00fcf, nem ve koku olu\u015fumunu \u00f6nler.<br \/>4.Koruma \u015fap\u0131na gerek kalmad\u0131\u011f\u0131 ve yo\u011funluk de\u011feri d\u00fc\u015f\u00fck ldu\u011fu i\u00e7in binay\u0131 hafifletir.<br \/>5.Is\u0131tma ve serinletme masraflar\u0131ndan \u00f6nemli tasarruf sa\u011flar.<br \/>6.Yap\u0131lar\u0131n de\u011ferini art\u0131r\u0131r.<br \/>7.Do\u011fal minerallerden olu\u015ftu\u011fundan insan sa\u011fl\u0131\u011f\u0131na zararl\u0131 de\u011fildir.<br \/>8.A1 S\u0131n\u0131f\u0131 yanmazl\u0131\u011fa sahiptir.<br \/>9.Y\u00fcksek yap\u0131\u015fma \u00f6zelli\u011fine sahiptir.<br \/>10.Ya\u011fu\u015fma, terleme, k\u00fcf, nem ve koku olu\u015fumunu \u00f6nler.<\/span><\/p><\/div>\n\t\t\t\t\t\t\t\t\t<div class=\"elementor-tab-title elementor-tab-mobile-title\" data-tab=\"2\" role=\"tab\">Teknik \u00d6zellikler<\/div>\n\t\t\t\t\t<div id=\"elementor-tab-content-1672\" class=\"elementor-tab-content elementor-clearfix\" data-tab=\"2\" role=\"tabpanel\" aria-labelledby=\"elementor-tab-title-1672\"><img style=\"width: 100%;\" src=\"https:\/\/www.minersan.com.tr\/wp-content\/uploads\/2020\/05\/set_001fName_20170710023056548.jpg\" data-gsrc=\"\" \/><\/div>\n\t\t\t\t\t\t\t<\/div>\n\t\t<\/div>\n\t\t\t\t<\/div>\n\t\t\t\t<\/div>\n\t\t\t\t\t\t<\/div>\n\t\t\t\t\t<\/div>\n\t\t<\/div>\n\t\t\t\t\t\t\t\t<\/div>\n\t\t\t\t\t<\/div>\n\t\t<\/section>\n\t\t\t\t\t\t<\/div>\n\t\t\t\t\t\t<\/div>\n\t\t\t\t\t<\/div>\n\t\t","protected":false},"excerpt":{"rendered":"<p>Previous Next Horasan Plus Horasanplus i\u00e7 cephe kompozit yal\u0131t\u0131m harc\u0131, binalarda \u00f6zellikle fotokatalitik yal\u0131t\u0131m\u0131n istenildi\u011fi yerlerde, gazbeton, tu\u011fla, bims, biriket ve br\u00fct beton y\u00fczeylerde uygulanan, yap\u0131\u015fma ve rahat uygulama olana\u011f\u0131 sa\u011flayan, i\u00e7erisinde kimyasal madde bar\u0131nd\u0131rmayan, insana ve \u00e7evreye zarar\u0131 olmayan do\u011fal maddelerden olu\u015fmu\u015ftur. Ses ve \u0131s\u0131 yal\u0131t\u0131m\u0131 sa\u011flayan, do\u011fal minerallerle takviye edilmi\u015f, rutubet \u00f6nleyen ekolojik [&hellip;]<\/p>\n","protected":false},"author":1,"featured_media":0,"parent":657,"menu_order":0,"comment_status":"closed","ping_status":"closed","template":"","meta":[],"_links":{"self":[{"href":"https:\/\/www.minersan.com.tr\/index.php?rest_route=\/wp\/v2\/pages\/807"}],"collection":[{"href":"https:\/\/www.minersan.com.tr\/index.php?rest_route=\/wp\/v2\/pages"}],"about":[{"href":"https:\/\/www.minersan.com.tr\/index.php?rest_route=\/wp\/v2\/types\/page"}],"author":[{"embeddable":true,"href":"https:\/\/www.minersan.com.tr\/index.php?rest_route=\/wp\/v2\/users\/1"}],"replies":[{"embeddable":true,"href":"https:\/\/www.minersan.com.tr\/index.php?rest_route=%2Fwp%2Fv2%2Fcomments&post=807"}],"version-history":[{"count":5,"href":"https:\/\/www.minersan.com.tr\/index.php?rest_route=\/wp\/v2\/pages\/807\/revisions"}],"predecessor-version":[{"id":1173,"href":"https:\/\/www.minersan.com.tr\/index.php?rest_route=\/wp\/v2\/pages\/807\/revisions\/1173"}],"up":[{"embeddable":true,"href":"https:\/\/www.minersan.com.tr\/index.php?rest_route=\/wp\/v2\/pages\/657"}],"wp:attachment":[{"href":"https:\/\/www.minersan.com.tr\/index.php?rest_route=%2Fwp%2Fv2%2Fmedia&parent=807"}],"curies":[{"name":"wp","href":"https:\/\/api.w.org\/{rel}","templated":true}]}}