{"id":827,"date":"2020-05-14T16:05:11","date_gmt":"2020-05-14T13:05:11","guid":{"rendered":"http:\/\/www.minersan.com.tr\/?page_id=827"},"modified":"2020-07-06T15:24:03","modified_gmt":"2020-07-06T12:24:03","slug":"minerfix","status":"publish","type":"page","link":"https:\/\/www.minersan.com.tr\/?page_id=827","title":{"rendered":"MINERFIX"},"content":{"rendered":"\t\t<div data-elementor-type=\"wp-page\" data-elementor-id=\"827\" class=\"elementor elementor-827\" data-elementor-settings=\"[]\">\n\t\t\t\t\t\t<div class=\"elementor-inner\">\n\t\t\t\t\t\t\t<div class=\"elementor-section-wrap\">\n\t\t\t\t\t\t\t<section class=\"elementor-section elementor-top-section elementor-element elementor-element-d98a4c9 elementor-section-stretched elementor-section-full_width elementor-section-height-default elementor-section-height-default elementor-invisible\" data-id=\"d98a4c9\" data-element_type=\"section\" data-settings=\"{&quot;stretch_section&quot;:&quot;section-stretched&quot;,&quot;animation&quot;:&quot;fadeIn&quot;}\">\n\t\t\t\t\t\t<div class=\"elementor-container elementor-column-gap-no\">\n\t\t\t\t\t\t\t<div class=\"elementor-row\">\n\t\t\t\t\t<div class=\"elementor-column elementor-col-100 elementor-top-column elementor-element elementor-element-f35c68c\" data-id=\"f35c68c\" data-element_type=\"column\">\n\t\t\t<div class=\"elementor-column-wrap elementor-element-populated\">\n\t\t\t\t\t\t\t<div class=\"elementor-widget-wrap\">\n\t\t\t\t\t\t\t\t<\/div>\n\t\t\t\t\t<\/div>\n\t\t<\/div>\n\t\t\t\t\t\t\t\t<\/div>\n\t\t\t\t\t<\/div>\n\t\t<\/section>\n\t\t\t\t<section class=\"elementor-section elementor-top-section elementor-element elementor-element-1ac5790 elementor-section-boxed elementor-section-height-default elementor-section-height-default\" data-id=\"1ac5790\" data-element_type=\"section\">\n\t\t\t\t\t\t<div class=\"elementor-container elementor-column-gap-default\">\n\t\t\t\t\t\t\t<div class=\"elementor-row\">\n\t\t\t\t\t<div class=\"elementor-column elementor-col-100 elementor-top-column elementor-element elementor-element-a513b21\" data-id=\"a513b21\" data-element_type=\"column\">\n\t\t\t<div class=\"elementor-column-wrap elementor-element-populated\">\n\t\t\t\t\t\t\t<div class=\"elementor-widget-wrap\">\n\t\t\t\t\t\t<section class=\"elementor-section elementor-inner-section elementor-element elementor-element-0f2dc77 elementor-section-boxed elementor-section-height-default elementor-section-height-default\" data-id=\"0f2dc77\" data-element_type=\"section\">\n\t\t\t\t\t\t<div class=\"elementor-container elementor-column-gap-default\">\n\t\t\t\t\t\t\t<div class=\"elementor-row\">\n\t\t\t\t\t<div class=\"elementor-column elementor-col-50 elementor-inner-column elementor-element elementor-element-fadff98 animated-slow elementor-invisible\" data-id=\"fadff98\" data-element_type=\"column\" data-settings=\"{&quot;animation&quot;:&quot;fadeInLeft&quot;}\">\n\t\t\t<div class=\"elementor-column-wrap elementor-element-populated\">\n\t\t\t\t\t\t\t<div class=\"elementor-widget-wrap\">\n\t\t\t\t\t\t<div class=\"elementor-element elementor-element-614f7ce elementor-arrows-position-inside elementor-pagination-position-outside elementor-widget elementor-widget-image-carousel\" data-id=\"614f7ce\" data-element_type=\"widget\" data-settings=\"{&quot;slides_to_show&quot;:&quot;1&quot;,&quot;autoplay&quot;:&quot;no&quot;,&quot;navigation&quot;:&quot;both&quot;,&quot;infinite&quot;:&quot;yes&quot;,&quot;effect&quot;:&quot;slide&quot;,&quot;speed&quot;:500}\" data-widget_type=\"image-carousel.default\">\n\t\t\t\t<div class=\"elementor-widget-container\">\n\t\t\t\t\t<div class=\"elementor-image-carousel-wrapper swiper-container\" dir=\"ltr\">\n\t\t\t<div class=\"elementor-image-carousel swiper-wrapper\">\n\t\t\t\t<div class=\"swiper-slide\"><figure class=\"swiper-slide-inner\"><img class=\"swiper-slide-image\" src=\"https:\/\/www.minersan.com.tr\/wp-content\/uploads\/2020\/05\/set_001fName_20170710133305247.jpg\" alt=\"set_001fName_20170710133305247\" \/><\/figure><\/div><div class=\"swiper-slide\"><figure class=\"swiper-slide-inner\"><img class=\"swiper-slide-image\" src=\"https:\/\/www.minersan.com.tr\/wp-content\/uploads\/2020\/05\/set_001fName_20170710133321986.jpg\" alt=\"set_001fName_20170710133321986\" \/><\/figure><\/div><div class=\"swiper-slide\"><figure class=\"swiper-slide-inner\"><img class=\"swiper-slide-image\" src=\"https:\/\/www.minersan.com.tr\/wp-content\/uploads\/2020\/05\/set_001fName_20170710133338319.jpg\" alt=\"set_001fName_20170710133338319\" \/><\/figure><\/div><div class=\"swiper-slide\"><figure class=\"swiper-slide-inner\"><img class=\"swiper-slide-image\" src=\"https:\/\/www.minersan.com.tr\/wp-content\/uploads\/2020\/05\/set_001fName_20170710133354231.jpg\" alt=\"set_001fName_20170710133354231\" \/><\/figure><\/div>\t\t\t<\/div>\n\t\t\t\t\t\t\t\t\t\t\t\t<div class=\"swiper-pagination\"><\/div>\n\t\t\t\t\t\t\t\t\t\t\t\t\t<div class=\"elementor-swiper-button elementor-swiper-button-prev\">\n\t\t\t\t\t\t<i class=\"eicon-chevron-left\" aria-hidden=\"true\"><\/i>\n\t\t\t\t\t\t<span class=\"elementor-screen-only\">Previous<\/span>\n\t\t\t\t\t<\/div>\n\t\t\t\t\t<div class=\"elementor-swiper-button elementor-swiper-button-next\">\n\t\t\t\t\t\t<i class=\"eicon-chevron-right\" aria-hidden=\"true\"><\/i>\n\t\t\t\t\t\t<span class=\"elementor-screen-only\">Next<\/span>\n\t\t\t\t\t<\/div>\n\t\t\t\t\t\t\t\t\t<\/div>\n\t\t\t\t<\/div>\n\t\t\t\t<\/div>\n\t\t\t\t\t\t<\/div>\n\t\t\t\t\t<\/div>\n\t\t<\/div>\n\t\t\t\t<div class=\"elementor-column elementor-col-50 elementor-inner-column elementor-element elementor-element-2b0c609 animated-slow elementor-invisible\" data-id=\"2b0c609\" data-element_type=\"column\" data-settings=\"{&quot;animation&quot;:&quot;fadeIn&quot;}\">\n\t\t\t<div class=\"elementor-column-wrap elementor-element-populated\">\n\t\t\t\t\t\t\t<div class=\"elementor-widget-wrap\">\n\t\t\t\t\t\t<div class=\"elementor-element elementor-element-2b0cd0c animated-slow elementor-invisible elementor-widget elementor-widget-heading\" data-id=\"2b0cd0c\" data-element_type=\"widget\" data-settings=\"{&quot;_animation&quot;:&quot;fadeIn&quot;}\" data-widget_type=\"heading.default\">\n\t\t\t\t<div class=\"elementor-widget-container\">\n\t\t\t<h2 class=\"elementor-heading-title elementor-size-default\">Minerfix<\/h2>\t\t<\/div>\n\t\t\t\t<\/div>\n\t\t\t\t<div class=\"elementor-element elementor-element-7211d521 elementor-widget elementor-widget-text-editor\" data-id=\"7211d521\" data-element_type=\"widget\" data-widget_type=\"text-editor.default\">\n\t\t\t\t<div class=\"elementor-widget-container\">\n\t\t\t\t\t<div class=\"elementor-text-editor elementor-clearfix\"><p><span class=\"fontstyle0\">\u00c7imento esasl\u0131, negatif ve pozitif su bas\u0131nc\u0131na dayan\u0131kl\u0131, \u00e7imento esasl\u0131 y\u00fczeylerin kapiler bo\u015fluklar\u0131na transfer olabilen, tek bile\u015fenli, kristalize su yal\u0131t\u0131m harc\u0131. <br \/><\/span><\/p><\/div>\n\t\t\t\t<\/div>\n\t\t\t\t<\/div>\n\t\t\t\t\t\t<\/div>\n\t\t\t\t\t<\/div>\n\t\t<\/div>\n\t\t\t\t\t\t\t\t<\/div>\n\t\t\t\t\t<\/div>\n\t\t<\/section>\n\t\t\t\t<div class=\"elementor-element elementor-element-9ff3cf2 elementor-tabs-view-horizontal elementor-widget elementor-widget-tabs\" data-id=\"9ff3cf2\" data-element_type=\"widget\" data-widget_type=\"tabs.default\">\n\t\t\t\t<div class=\"elementor-widget-container\">\n\t\t\t\t\t<div class=\"elementor-tabs\" role=\"tablist\">\n\t\t\t<div class=\"elementor-tabs-wrapper\">\n\t\t\t\t\t\t\t\t\t<div id=\"elementor-tab-title-1671\" class=\"elementor-tab-title elementor-tab-desktop-title\" data-tab=\"1\" role=\"tab\" aria-controls=\"elementor-tab-content-1671\"><a href=\"\">MSDS<\/a><\/div>\n\t\t\t\t\t\t\t\t\t<div id=\"elementor-tab-title-1672\" class=\"elementor-tab-title elementor-tab-desktop-title\" data-tab=\"2\" role=\"tab\" aria-controls=\"elementor-tab-content-1672\"><a href=\"\">Teknik \u00d6zellikler<\/a><\/div>\n\t\t\t\t\t\t\t<\/div>\n\t\t\t<div class=\"elementor-tabs-content-wrapper\">\n\t\t\t\t\t\t\t\t\t<div class=\"elementor-tab-title elementor-tab-mobile-title\" data-tab=\"1\" role=\"tab\">MSDS<\/div>\n\t\t\t\t\t<div id=\"elementor-tab-content-1671\" class=\"elementor-tab-content elementor-clearfix\" data-tab=\"1\" role=\"tabpanel\" aria-labelledby=\"elementor-tab-title-1671\"><div class=\"col-md-12\"><div class=\"tab-box pills\" data-tab-anima=\"fade-right\"><strong>UYGULAMA ALANLARI<\/strong><br \/><br \/>T\u00fcm yap\u0131lar\u0131n i\u00e7 ve d\u0131\u015f mekanlar\u0131nda, \u00f6zellikle temel ve bodrum duvarlar\u0131, teraslar, y\u00fczme havuzlar\u0131, su depolar\u0131, balkon, banyo, tuvalet ve mutfak gibi \u0131slak hacimli y\u00fczeyleri ve istinat duvarlar\u0131nda zemin rutubetine, s\u0131z\u0131nt\u0131 sular\u0131na, pozitif ve negatif su bas\u0131nc\u0131na kar\u015f\u0131 yal\u0131t\u0131m malzemesi olarak kullan\u0131l\u0131r. Sulama kanallar\u0131 ve beton boru ek yerlerinde su ka\u00e7aklar\u0131n\u0131 \u00f6nler.<br \/><br \/><strong>Y\u00dcZEY HAZIRLI\u011eI<\/strong><br \/><br \/>T\u00fcm y\u00fczeyler kir, ya\u011f, boya gibi yabanc\u0131 maddelerden temizlenmelidir. Y\u00fczeydeki \u00f6nemli bozukluk veya delikler su yal\u0131t\u0131m uygulamas\u0131ndan en az 24 saat \u00f6nce Tamir Harc\u0131yla onar\u0131lmal\u0131d\u0131r. Br\u00fct beton, \u00e7imento bazl\u0131 s\u0131va, \u015fap gibi \u00e7ok g\u00f6zenekli y\u00fczeyler temiz su ile \u0131slat\u0131lmal\u0131 doygun hale getirilmelidir.<br \/><br \/><strong>UYGULAMA \u015eARTLARI<\/strong><br \/><br \/>Uygulama s\u0131ras\u0131nda ortam s\u0131cakl\u0131\u011f\u0131n\u0131n +5 \u00b0C ile +35 \u00b0C aras\u0131nda olmas\u0131na dikkat edilmelidir. Donmu\u015f, erimekte olan veya 24 saat i\u00e7erisinde don tehlikesi olan y\u00fczeylerde uygulama yap\u0131lmamal\u0131d\u0131r. Direkt g\u00fcne\u015f veya kuvvetli r\u00fczgar alt\u0131nda uygulanmamal\u0131d\u0131r.<br \/><br \/><strong>UYGULAMA \u00d6ZELL\u0130KLER\u0130<\/strong><br \/><br \/>Beton y\u00fczeye uyguland\u0131\u011f\u0131nda, betonun i\u00e7ine do\u011fru n\u00fcfuz ediyor ve i\u00e7erdi\u011fi aktif kimyasallar betonun kapiler bo\u015fluklar\u0131nda bulunan serbest kire\u00e7 ve nem ile reaksiyona girerek \u00e7\u00f6z\u00fcnmeyen kristal yap\u0131lar olu\u015fturuyor.\u00a0<br \/>Uygulama kal\u0131nl\u0131\u011f\u0131: 2-3 mm,\u00a0<br \/>Uygulanabilecek kat adedi: 2-3 kat,\u00a0<br \/>Harc\u0131n kullan\u0131labilme s\u00fcresi: 30 dakika,\u00a0<br \/>Katlar aras\u0131nda beklenilmesi gereken s\u00fcre: 6 saat,\u00a0<br \/>\u00dczerine son kat uygulamas\u0131 i\u00e7in beklenilmesi gereken s\u00fcre: min. 1 g\u00fcn,\u00a0<br \/>Toprak dolgusu i\u00e7in beklenilmesi gereken s\u00fcre: min. 7 g\u00fcn,\u00a0<br \/>Su depolar\u0131n\u0131n su ile doldurulmas\u0131 i\u00e7in gereken s\u00fcre: Pozitif bas\u0131n\u00e7ta min. 7 g\u00fcn, Negatif bas\u0131n\u00e7ta min. 14 g\u00fcn<br \/><br \/><strong>UYGULAMA<\/strong><br \/><br \/>25 kg. M\u0130NERF\u0130X kristalize su yal\u0131t\u0131m harc\u0131 f\u0131r\u00e7a ile uygulama i\u00e7in 10-12 litre, \u00e7elik mala ile uygulama i\u00e7in 7-8 litre su ile tercihen d\u00fc\u015f\u00fck devirli bir matkap ile topak kalmayacak \u015fekilde kar\u0131\u015ft\u0131r\u0131l\u0131r. F\u0131r\u00e7a uygulamas\u0131nda su yal\u0131t\u0131m harc\u0131 nemlendirilmi\u015f y\u00fczeye f\u0131r\u00e7a ile birbirine dik gelecek y\u00f6nlerde \u00fc\u00e7 kat olarak uygulan\u0131r. \u0130kinci kat, birinci kat sertle\u015fmi\u015f ancak hen\u00fcz tam kurumam\u0131\u015fken \u0131slat\u0131larak (s\u0131cakl\u0131\u011fa ba\u011fl\u0131 olarak yakla\u015f\u0131k 6 saat i\u00e7erisinde) uygulan\u0131r.\u00a0<br \/>Mala uygulamada eski beton, tu\u011fla duvar veya briket y\u00fczeyler i\u00e7in birinci kat su yal\u0131t\u0131m harc\u0131 1-3 mm. kal\u0131nl\u0131\u011f\u0131nda uygulan\u0131r. Bunun \u00fczerine ikinci kat \u015ferbet k\u0131vam\u0131nda s\u00fcr\u00fcl\u00fcr. Kuru serpme uygulamas\u0131nda yatay zeminlerde Kristalize su yal\u0131t\u0131m harc\u0131 derz aral\u0131klar\u0131na toz halde serpilerek uygulan\u0131r. Bu 3 metodun hangisi kullan\u0131l\u0131rsa kullan\u0131ls\u0131n uygulama sonras\u0131 su ile k\u00fcrleme son derece \u00f6nemlidir.\u00a0Uygulamadan sonra Kristalize su yal\u0131t\u0131m harc\u0131\u2019n\u0131n hemen kurumas\u0131 \u00f6nlenmeli ve yakla\u015f\u0131k 1 hafta nemli kalmas\u0131 sa\u011flanmal\u0131d\u0131r. Bunun i\u00e7in normal beton k\u00fcrleme i\u015fleminde oldu\u011fu gibi su p\u00fcsk\u00fcrt\u00fclmesi faydal\u0131d\u0131r.<br \/><br \/><strong>UYARILAR<\/strong><br \/><br \/>Haz\u0131rlanan har\u00e7 i\u00e7erisine hi\u00e7bir malzeme (kire\u00e7, \u00e7imento, al\u00e7\u0131 vb.) ilave edilmemelidir. Kullan\u0131m s\u00fcresi ge\u00e7mi\u015f har\u00e7lar, su veya kuru har\u00e7 ile kar\u0131\u015ft\u0131r\u0131l\u0131p tekrar kullan\u0131lmamal\u0131d\u0131r. Uzun s\u00fcre g\u00fcne\u015fe maruz kalm\u0131\u015f \u00e7ok s\u0131cak veya donmu\u015f y\u00fczeylere uygulama yap\u0131lmamal\u0131d\u0131r.\u00a0<br \/>Ah\u015fap kaplamalarda, metal kaplamalarda ve neme maruz y\u00fczeylerde uygulanamaz. Belirtilen uygulama y\u00fczeyi ve kullanma talimat\u0131 d\u0131\u015f\u0131na \u00e7\u0131kmay\u0131n\u0131z. Solumay\u0131n\u0131z, g\u00f6ze temas\u0131nda bol su ile y\u0131kay\u0131n\u0131z, gerekirse doktora ba\u015fvurunuz.\u00a0<br \/>\u00c7imento esasl\u0131 malzeme oldu\u011fundan uygulama esnas\u0131nda eldiven kullan\u0131lmal\u0131d\u0131r. Ambalajl\u0131 \u00fcr\u00fcn nemli ortamlarda saklanmamal\u0131d\u0131r.<br \/><br \/><strong>T\u00dcKET\u0130M<\/strong><br \/><br \/>F\u0131r\u00e7a ile ; 2 kg\/m\u00b2 (3 katta) , Mala ile ; 1,5 kg\/m\u00b2 (1 mm. Kal\u0131nl\u0131k i\u00e7in) , Kuru serpme ile ;<br \/>2 kg\/m\u00b2 (Derz geni\u015fli\u011fine g\u00f6re de\u011fi\u015fir)<br \/><br \/><strong>DEPOLAMA<\/strong><br \/><br \/>Orijinal ambalaj\u0131nda en fazla 10 kat istifle kuru ve nemsiz bir ortamda 8 ay s\u00fcreyle saklanmal\u0131d\u0131r. Torba a\u00e7\u0131ld\u0131ktan sonra 7 g\u00fcn i\u00e7erisinde t\u00fcketilmesi \u00f6nerilir.<br \/><br \/><strong>SA\u011eLIK ve EMN\u0130YET<\/strong><br \/><br \/>Deri ve g\u00f6z temas\u0131ndan ka\u00e7\u0131n\u0131lmal\u0131d\u0131r. Depolama ve uygulama s\u0131ras\u0131nda mutlaka eldiven kullan\u0131lmal\u0131d\u0131r.<\/div><\/div><\/div>\n\t\t\t\t\t\t\t\t\t<div class=\"elementor-tab-title elementor-tab-mobile-title\" data-tab=\"2\" role=\"tab\">Teknik \u00d6zellikler<\/div>\n\t\t\t\t\t<div id=\"elementor-tab-content-1672\" class=\"elementor-tab-content elementor-clearfix\" data-tab=\"2\" role=\"tabpanel\" aria-labelledby=\"elementor-tab-title-1672\"><img style=\"width: 100%;\" src=\"https:\/\/www.minersan.com.tr\/wp-content\/uploads\/2020\/05\/set_001fName_20170710133414417.jpg\" data-gsrc=\"\" \/><\/div>\n\t\t\t\t\t\t\t<\/div>\n\t\t<\/div>\n\t\t\t\t<\/div>\n\t\t\t\t<\/div>\n\t\t\t\t\t\t<\/div>\n\t\t\t\t\t<\/div>\n\t\t<\/div>\n\t\t\t\t\t\t\t\t<\/div>\n\t\t\t\t\t<\/div>\n\t\t<\/section>\n\t\t\t\t\t\t<\/div>\n\t\t\t\t\t\t<\/div>\n\t\t\t\t\t<\/div>\n\t\t","protected":false},"excerpt":{"rendered":"<p>Previous Next Minerfix \u00c7imento esasl\u0131, negatif ve pozitif su bas\u0131nc\u0131na dayan\u0131kl\u0131, \u00e7imento esasl\u0131 y\u00fczeylerin kapiler bo\u015fluklar\u0131na transfer olabilen, tek bile\u015fenli, kristalize su yal\u0131t\u0131m harc\u0131. MSDS Teknik \u00d6zellikler MSDS UYGULAMA ALANLARI T\u00fcm yap\u0131lar\u0131n i\u00e7 ve d\u0131\u015f mekanlar\u0131nda, \u00f6zellikle temel ve bodrum duvarlar\u0131, teraslar, y\u00fczme havuzlar\u0131, su depolar\u0131, balkon, banyo, tuvalet ve mutfak gibi \u0131slak hacimli y\u00fczeyleri [&hellip;]<\/p>\n","protected":false},"author":1,"featured_media":0,"parent":657,"menu_order":0,"comment_status":"closed","ping_status":"closed","template":"","meta":[],"_links":{"self":[{"href":"https:\/\/www.minersan.com.tr\/index.php?rest_route=\/wp\/v2\/pages\/827"}],"collection":[{"href":"https:\/\/www.minersan.com.tr\/index.php?rest_route=\/wp\/v2\/pages"}],"about":[{"href":"https:\/\/www.minersan.com.tr\/index.php?rest_route=\/wp\/v2\/types\/page"}],"author":[{"embeddable":true,"href":"https:\/\/www.minersan.com.tr\/index.php?rest_route=\/wp\/v2\/users\/1"}],"replies":[{"embeddable":true,"href":"https:\/\/www.minersan.com.tr\/index.php?rest_route=%2Fwp%2Fv2%2Fcomments&post=827"}],"version-history":[{"count":6,"href":"https:\/\/www.minersan.com.tr\/index.php?rest_route=\/wp\/v2\/pages\/827\/revisions"}],"predecessor-version":[{"id":1259,"href":"https:\/\/www.minersan.com.tr\/index.php?rest_route=\/wp\/v2\/pages\/827\/revisions\/1259"}],"up":[{"embeddable":true,"href":"https:\/\/www.minersan.com.tr\/index.php?rest_route=\/wp\/v2\/pages\/657"}],"wp:attachment":[{"href":"https:\/\/www.minersan.com.tr\/index.php?rest_route=%2Fwp%2Fv2%2Fmedia&parent=827"}],"curies":[{"name":"wp","href":"https:\/\/api.w.org\/{rel}","templated":true}]}}